x and 120?
60
Let q = -102 - -156. Let z(g) = -g**2 - 4*g + 11. Let d be z(-5). Calculate the highest common divisor of d and q.
6
Suppose 0 = 3*g - 131 + 38. Suppose -g*w + 12 = -30*w. What is the highest common divisor of w and 6?
6
Let y(z) = z. Let u be 3*(24/9 + -2). Let g be y(u). Suppose -3*s = 3*t - 240, -g*s = -3*t - 2*t - 167. What is the highest common divisor of s and 27?
27
Suppose 82*c - 1834 + 358 = 0. Suppose -14 = -5*m + 166. Calculate the greatest common factor of m and c.
18
Suppose -466 + 81 = 5*s. Let a = -49 - s. What is the highest common divisor of a and 42?
14
Let m be ((-2)/(-3))/((-1)/(-6)). Let a be 0 - (m - 6)*2. Suppose -108 = -p - 3*p - a*o, -26 = -p - 2*o. What is the highest common divisor of 56 and p?
28
Let b(n) = 2*n**3 + n**2 - 3. Let f be b(3). Let u(i) = 4*i**2 + 52*i + 100. Let r be u(-2). What is the highest common factor of r and f?
12
Let t be (-3 - 3)*11/(-3). Suppose 7*k + 6*k = 286. What is the highest common divisor of k and t?
22
Suppose -4*d - 276 = -4*h, -4*d + 27 = -h + 87. Let b be (-3)/(1/(-1)) - (5 + -10). What is the highest common factor of h and b?
8
Let u be (2*8)/((-17)/(-17)). Let p = u - 13. Suppose -4*i + 14 = -p*i. Calculate the highest common factor of i and 56.
14
Suppose -2*a = -s + 263, a - 251 = -s - 0*a. Let r be s + 1/((-1)/3). What is the greatest common factor of 28 and r?
28
Suppose 63*a + 18*a = 59778. What is the greatest common divisor of 41 and a?
41
Let t be 176*(7/(-2) - (-5 + 2)). Let z = t - -103. What is the greatest common factor of z and 35?
5
Let i(y) be the second derivative of y**3/6 + 21*y**2/2 + y. Let m be i(-18). Calculate the greatest common divisor of m and 27.
3
Suppose 0 = a + 3*i - 51, 3*a - 7 - 130 = -i. Calculate the highest common divisor of a and 180.
45
Let v be -1 + 8 + (6 - -19). Calculate the highest common divisor of v and 112.
16
Let d(n) be the third derivative of n**4/6 - 5*n**3/2 + 24*n**2. Let o be d(21). What is the highest common divisor of o and 23?
23
Let j(q) = -2*q**2 - 15*q + 32. Let r be j(-8). What is the highest common divisor of 4296 and r?
24
Let i(t) = 17*t. Let o be i(1). Suppose -o = f - 89. Let n be 2/(-2 + 0) + 10. Calculate the highest common factor of n and f.
9
Let l be (-16)/(-40) + 82/(-5). Let v = 17 + l. Let a(y) = 9*y - 1. Let h be a(v). Calculate the greatest common divisor of h and 48.
8
Let v(c) = c**3 - 4*c**2 + 2*c + 3. Suppose -4*p + 5*p - 4 = 0. Let f be v(p). Calculate the greatest common factor of f and 88.
11
Let q = -29 + 71. Suppose -q = 2*u - 144. What is the highest common factor of u and 17?
17
Let v be (2 + 126 - -2) + 0. Suppose -5*l + 14 = 2*l. Suppose i = -3*d + 80, l*d = 5*d + 5*i - 88. Calculate the greatest common divisor of v and d.
26
Suppose 17*q = -3*y + 22*q + 561, -582 = -3*y - 2*q. Calculate the greatest common divisor of 256 and y.
64
Suppose -5*z - 5*d = -435, 0 = -z + 4*d + 88 - 11. Suppose -3*s - z = -277. Calculate the greatest common divisor of s and 8.
8
Let s = -12 + 110. Calculate the greatest common divisor of 14 and s.
14
Suppose 0 = -4*g + 12, 3*v - 4 = 2*v + 2*g. Suppose 4*n = c - 36 - 74, -2*n = -4*c + 440. What is the greatest common divisor of c and v?
10
Let o = 22 - 15. What is the greatest common factor of 91 and o?
7
Let h = 441 + 3272. Calculate the highest common factor of h and 79.
79
Let q = -18 - -18. Suppose -2*y - 9 + 21 = q. Let h(a) = a**3 + a**2 - 6*a. Let f be h(y). What is the greatest common factor of 27 and f?
27
Let q be (-55)/(-2) + (-3)/6. Calculate the highest common divisor of 54 and q.
27
Let q(d) = -4*d**2 - 61*d - 16. Let n be q(-14). What is the greatest common factor of n and 108?
54
Suppose 3*q - 12 = 0, 4*f - 152 = q - 4*q. Let j(g) = -5 - 465*g + 8*g**2 + g**3 + 12 + 456*g. Let o be j(-9). What is the greatest common factor of f and o?
7
Suppose 4*v = 4*w - 48, 4*v + 0*v + 56 = 5*w. Suppose -x = 4*x - 280. Calculate the greatest common factor of w and x.
8
Let z be 2/(-15) + (-4)/(-30). Suppose z = -0*k - 5*k - 30. Let y(g) = -g**2 - 10*g - 8. Let u be y(k). What is the highest common factor of u and 40?
8
Let z be (-4)/(-34) - (-40496)/272 - 5. Suppose -y = 5*t - 44 - 34, 4*t + 5*y = 54. What is the greatest common divisor of z and t?
16
Suppose 0 = -311*h - 1214 + 4635. Suppose 4*w = 6*w. Let m be 1 + w + (120 - 0). What is the highest common divisor of h and m?
11
Suppose 0 = -5*c - 10, -2*w = 3*c - c - 28. Suppose w*b + 60 = 20*b. What is the highest common factor of b and 45?
15
Let r be -11 - -10 - 7*-1. Let b be 3/(-12) + 50/8. Calculate the highest common factor of b and r.
6
Let n(l) = 3*l**2 - 39*l + 255. Let v be n(11). What is the highest common divisor of 153 and v?
9
Let w(u) be the first derivative of u**4/4 + 2*u**3 + 3*u**2/2 - 8*u + 11. Let h be w(-5). What is the greatest common factor of h and 8?
2
Suppose 4*k + 4*h - 108 = -0*h, 131 = 5*k + 3*h. Let b = -15 + 25. What is the greatest common factor of b and k?
5
Let f(t) = -2*t**2 - 2. Let c(s) = -s**2 + 1. Let h(g) = -4*c(g) + f(g). Let u be h(5). Let i = u - 31. What is the greatest common divisor of 13 and i?
13
Let n be ((-2)/(-6))/(7/84). Let f be n + -2 + (-1 - -5). Let u = -2 - -32. What is the greatest common divisor of u and f?
6
Let t(x) = -x**2 - 10*x - 10. Let a be t(-6). Let j = a + -7. What is the highest common divisor of j and 14?
7
Let z(l) = 3 + 10 + 9*l - 3 - l**2. Let b be z(7). Let v = -213 - -216. What is the highest common factor of b and v?
3
Let v(c) = -c**2 + 4. Let s be v(2). Suppose -5*a + 10*a = y - 35, 5*y + 3*a - 35 = s. What is the highest common divisor of 25 and y?
5
Suppose -1527 = -4*o - 3*s, o + 5*s - 345 = 58. Calculate the highest common factor of 42 and o.
42
Suppose 2*w + 3*r = 205, -3 = 5*r - 6*r. Calculate the highest common factor of w and 70.
14
Let c be (54/2 + 1)*530/1855. Suppose 5*s = j - 28, -3*j + 8 = -4*j - 4*s. What is the highest common factor of c and j?
8
Let u(i) = i**2 + 13*i - 15. Let q be u(8). Calculate the greatest common divisor of 9 and q.
9
Let a be 1152/72 + (7 - -1)/(-2). What is the highest common factor of a and 36?
12
Let d be 124/(-186) + (-556)/(-6). What is the greatest common factor of d and 23?
23
Suppose -5*z + 57 = -63. What is the greatest common divisor of z and 408?
24
Let j = 830 + -823. Calculate the highest common divisor of 5 and j.
1
Suppose y - 42 = -3*m - 2*y, 3*m - 37 = -4*y. Let h(d) = d**2 - 16*d - 9. Let f be h(m). Calculate the greatest common factor of 12 and f.
12
Suppose 2*t = 25 + 45. Suppose -m - 7*m = -8. Let l be m/3*42/2. What is the highest common factor of l and t?
7
Suppose 193 = 3*f - 638. Let a = f - 158. What is the highest common factor of a and 17?
17
Let n be (-1005)/(-45) - 4 - (-12)/(-9). Suppose t = -0*t + 68. Calculate the highest common divisor of t and n.
17
Suppose -33 + 3 = -5*g. Let f = g - 2. Suppose -f*t = -4 - 4. Calculate the highest common divisor of t and 4.
2
Suppose 0 = -33*n - 210 + 3180. What is the highest common factor of n and 2790?
90
Suppose -4*h = 4*t + 485 - 25, -3*t - 12 = 0. Let b = h + 176. Calculate the highest common divisor of 26 and b.
13
Suppose 3*g = 5*l + 34 - 117, 0 = -2*g - 2. What is the greatest common divisor of l and 6?
2
Suppose 0 = i - 2*r - 12, 6*r - 3*r - 27 = -i. Let g be 6/2 + 19 - -4. Suppose -28 - g = -6*a. What is the highest common divisor of i and a?
9
Suppose 2*o - 2 = 4*o, 3*y - 34 = o. Let z(l) = -114 + l**2 - 7*l + 234 - 119. Let u be z(14). What is the highest common divisor of y and u?
11
Suppose 2 = -4*f + 3*f. Let z be 10 - 5 - f/(-1). Let i be (-3 - -5)/(-2 + z). What is the highest common factor of i and 1?
1
Let y be (-36)/(-162) + 1*(-496)/(-36). Calculate the highest common divisor of y and 14.
14
Suppose 0 = 2*u + 2*x + 18, 30 = -2*u - 5*x + 12. Let w be -8*(u + 0 + 1). What is the greatest common factor of w and 8?
8
Let t(c) be the third derivative of -c**5/60 + 5*c**4/8 + c**3/3 + 12*c**2. Let v be t(13). Calculate the greatest common divisor of v and 7.
7
Let x = 169 + -139. Calculate the greatest common divisor of 330 and x.
30
Let o be (10/15)/(2/27). Suppose -4*g = -0*g - 396. What is the highest common factor of g and o?
9
Let j(b) = 2*b - 22. Let h be j(-8). Let l be (-15)/2*h/57.